hat is the greatest common factor of 303360 and 237?
237
What is the highest common divisor of 90 and 372270?
30
Calculate the highest common divisor of 301806 and 828.
414
Calculate the greatest common factor of 64 and 78688.
32
What is the highest common factor of 65879 and 56551?
583
Calculate the greatest common divisor of 92043 and 189.
189
Calculate the greatest common factor of 924 and 3182564.
308
Calculate the highest common divisor of 119 and 350.
7
What is the highest common divisor of 28 and 191324?
28
What is the highest common divisor of 333308 and 1236?
412
Calculate the highest common divisor of 2071 and 80660.
109
Calculate the greatest common divisor of 7125 and 114.
57
What is the greatest common factor of 11 and 549527?
11
Calculate the greatest common factor of 272 and 15096.
136
What is the greatest common divisor of 651 and 14154?
21
What is the highest common divisor of 2814 and 875958?
402
What is the greatest common factor of 13810 and 11730?
10
What is the highest common divisor of 707 and 11599?
7
What is the greatest common divisor of 105 and 231960?
15
Calculate the highest common divisor of 9 and 36561.
3
Calculate the highest common factor of 168 and 29316.
84
Calculate the greatest common divisor of 68 and 3131468.
68
Calculate the greatest common factor of 498865 and 510.
85
Calculate the greatest common factor of 206048 and 4136.
376
What is the highest common divisor of 328 and 115702?
82
Calculate the greatest common factor of 1057126 and 92.
46
What is the highest common divisor of 86724 and 264?
132
Calculate the highest common factor of 207 and 7013229.
69
What is the highest common divisor of 22 and 2306?
2
What is the highest common divisor of 4670 and 8170?
10
Calculate the greatest common divisor of 5553 and 2678397.
1851
What is the greatest common factor of 111954 and 1974?
282
Calculate the highest common divisor of 120 and 636645.
15
Calculate the highest common divisor of 1109 and 3.
1
Calculate the greatest common divisor of 397888 and 352.
32
What is the greatest common divisor of 148 and 444703?
37
What is the greatest common divisor of 257800 and 2200?
200
What is the highest common factor of 5819 and 58443?
253
What is the greatest common factor of 1 and 729?
1
Calculate the highest common factor of 3249 and 1653.
57
What is the greatest common factor of 2349103 and 19?
19
What is the greatest common divisor of 10116 and 1035?
9
What is the greatest common factor of 6109 and 205?
41
Calculate the greatest common factor of 176 and 1012264.
88
What is the greatest common factor of 167758 and 74?
74
Calculate the greatest common divisor of 33046 and 29419.
403
What is the greatest common divisor of 143 and 128491?
11
Calculate the greatest common divisor of 7000 and 36120.
280
What is the greatest common divisor of 342 and 42541?
19
What is the highest common divisor of 3470 and 230?
10
What is the greatest common factor of 272300 and 175?
175
Calculate the highest common factor of 2134 and 17557.
97
Calculate the highest common divisor of 64323 and 63.
63
Calculate the highest common factor of 13 and 151268.
13
Calculate the greatest common factor of 1867411 and 637.
91
What is the highest common factor of 458347 and 134?
67
What is the highest common divisor of 18271 and 54209?
151
Calculate the highest common divisor of 1288 and 190.
2
What is the greatest common divisor of 798 and 66633?
399
What is the highest common factor of 147 and 203133?
21
What is the greatest common factor of 390 and 7320?
30
Calculate the greatest common factor of 36294 and 276.
138
What is the greatest common factor of 22887 and 1323?
9
Calculate the highest common divisor of 2295 and 6102.
27
What is the greatest common factor of 3263442 and 973?
973
What is the highest common factor of 2076 and 64875?
519
What is the greatest common factor of 528200 and 55100?
1900
What is the highest common divisor of 6909 and 1410?
141
What is the highest common divisor of 11361 and 336?
21
Calculate the greatest common divisor of 391 and 3451.
17
Calculate the highest common factor of 189 and 137907.
63
What is the greatest common divisor of 8721 and 179010?
459
What is the highest common divisor of 1870 and 14?
2
What is the highest common divisor of 6655 and 388652?
1331
What is the highest common divisor of 1531895 and 3020?
755
What is the highest common divisor of 5382 and 11214?
18
Calculate the greatest common divisor of 120 and 258.
6
What is the highest common divisor of 1859 and 18018?
143
Calculate the greatest common factor of 2527 and 1729.
133
Calculate the greatest common factor of 80 and 189580.
20
Calculate the greatest common divisor of 100 and 194080.
20
Calculate the greatest common divisor of 72 and 1936.
8
Calculate the greatest common factor of 860985 and 225.
45
What is the highest common divisor of 4544 and 128?
64
What is the greatest common factor of 51 and 1761?
3
Calculate the highest common divisor of 22 and 158.
2
What is the highest common factor of 6146 and 93946?
878
What is the highest common factor of 6278 and 1095?
73
Calculate the greatest common factor of 561 and 231.
33
What is the highest common divisor of 162 and 74?
2
What is the greatest common divisor of 282992 and 552?
184
Calculate the greatest common factor of 50 and 102075.
25
What is the highest common divisor of 65 and 3789071?
13
Calculate the greatest common divisor of 66 and 8601934.
22
What is the greatest common factor of 185 and 233433?
37
What is the greatest common divisor of 2256812 and 43?
43
What is the greatest common divisor of 1566 and 19662?
174
Calculate the highest common factor of 12863 and 551.
19
What is the greatest common divisor of 237 and 488299?
79
Calculate the greatest common divisor of 303950 and 50.
50
What is the greatest common factor of 486 and 29322?
162
Calculate the greatest common divisor of 114226 and 21238.
574
Calculate the greatest common factor of 2069033 and 961.
961
Calculate the highest common divisor of 12 and 3797634.
6
What is the greatest common divisor of 5983 and 217?
31
What is the highest common factor of 337070 and 925?
185
Calculate the highest common factor of 6120 and 37080.
360
Calculate the highest common divisor of 1134 and 16254.
378
What is the greatest common divisor of 552844 and 164?
164
What is the highest common divisor of 210 and 196518?
42
What is the highest common factor of 368 and 234600?
184
Calculate the highest common divisor of 3616 and 695176.
904
What is the highest common divisor of 284 and 584?
4
What is the greatest common factor of 210 and 77560?
70
What is the highest common factor of 800254 and 13?
13
Calculate the greatest common divisor of 340 and 21460.
20
Calculate the highest common factor of 15 and 1262545.
5
Calculate the highest common factor of 1024980 and 1260.
60
Calculate the greatest common factor of 21707 and 10241.
49
What is the highest common divisor of 5933 and 38739?
349
Calculate the highest common factor of 30534 and 9072.
42
What is the greatest common divisor of 756 and 28056?
84
What is the greatest common factor of 13604 and 6080?
76
What is the greatest common factor of 118 and 40?
2
Calculate the highest common divisor of 243 and 9099.
27
Calculate the highest common divisor of 22015 and 10965.
85
Calculate the greatest common divisor of 87768 and 4664.
424
What is the highest common factor of 601034 and 147?
49
Calculate the greatest common factor of 2210 and 10200.
170
What is the highest common divisor of 83050 and 55?
55
Calculate the greatest common divisor of 760 and 2090.
190
Calculate the greatest common divisor of 565021 and 1804.
41
Calculate the greatest common factor of 2332407 and 42.
21
Calculate the greatest common factor of 9879 and 2492.
89
What is the greatest common divisor of 1156491 and 2436?
609
Calculate the highest common factor of 489 and 95029.
163
Calculate the greatest common divisor of 10266 and 180786.
174
What is the greatest common divisor of 93988 and 21?
1
Calculate the greatest common factor of 70892 and 37.
37
What is the highest common divisor of 122430 and 420?
210
What is the greatest common divisor of 99727 and 62?
31
What is the greatest common divisor of 1818430 and 1314